{"id":213,"date":"2021-05-11T12:13:07","date_gmt":"2021-05-11T12:13:07","guid":{"rendered":"https:\/\/www.giantmarine.com\/index.php\/heavy-lift-shipping-2\/"},"modified":"2025-10-30T13:37:38","modified_gmt":"2025-10-30T13:37:38","slug":"heavy-lift-shipping-2","status":"publish","type":"page","link":"https:\/\/www.giantmarine.com\/index.php\/fr\/heavy-lift-shipping-2\/","title":{"rendered":"Transport de colis lourds"},"content":{"rendered":"\n<div class=\"wp-block-media-text alignwide is-stacked-on-mobile\"><figure class=\"wp-block-media-text__media\"><a href=\"https:\/\/www.bigliftshipping.com\/\" target=\"_blank\" rel=\"noopener\"><img loading=\"lazy\" decoding=\"async\" width=\"1300\" height=\"1300\" src=\"https:\/\/www.giantmarine.com\/uploads\/2021\/05\/favicon.3cf4f39d985e.png\" alt=\"\" class=\"wp-image-53 size-full\" srcset=\"https:\/\/www.giantmarine.com\/uploads\/2021\/05\/favicon.3cf4f39d985e.png 1300w, https:\/\/www.giantmarine.com\/uploads\/2021\/05\/favicon.3cf4f39d985e-300x300.png 300w, https:\/\/www.giantmarine.com\/uploads\/2021\/05\/favicon.3cf4f39d985e-1024x1024.png 1024w, https:\/\/www.giantmarine.com\/uploads\/2021\/05\/favicon.3cf4f39d985e-150x150.png 150w, https:\/\/www.giantmarine.com\/uploads\/2021\/05\/favicon.3cf4f39d985e-768x768.png 768w, https:\/\/www.giantmarine.com\/uploads\/2021\/05\/favicon.3cf4f39d985e-825x825.png 825w, https:\/\/www.giantmarine.com\/uploads\/2021\/05\/favicon.3cf4f39d985e-100x100.png 100w\" sizes=\"auto, (max-width: 1300px) 100vw, 1300px\" \/><\/a><\/figure><div class=\"wp-block-media-text__content\">\n<p>Avec notre partenaire <strong>BigLift Shipping<\/strong>, dont nous sommes l\u2019agent exclusif en France depuis 40 ans, nous proposons \u00e0 nos clients une flotte diversifi\u00e9e de navires gr\u00e9\u00e9s et de <em>deck carriers<\/em> pour transporter tous types de colis lourds \u00e0 travers le monde.<\/p>\n<\/div><\/div>\n\n\n\n<p><a rel=\"noreferrer noopener\" href=\"https:\/\/www.bigliftshipping.com\/en\/fleet\/fleet-overview\" data-type=\"URL\" target=\"_blank\">Plus d&#8217;informations sur la flotte<\/a>&#8230;<\/p>\n\n\n\n<figure class=\"wp-block-image alignfull size-large\"><img loading=\"lazy\" decoding=\"async\" width=\"1024\" height=\"576\" src=\"https:\/\/www.giantmarine.com\/uploads\/2021\/05\/WP_20190228_013-1.jpg\" alt=\"\" class=\"wp-image-84\" srcset=\"https:\/\/www.giantmarine.com\/uploads\/2021\/05\/WP_20190228_013-1.jpg 1024w, https:\/\/www.giantmarine.com\/uploads\/2021\/05\/WP_20190228_013-1-300x169.jpg 300w, https:\/\/www.giantmarine.com\/uploads\/2021\/05\/WP_20190228_013-1-768x432.jpg 768w, https:\/\/www.giantmarine.com\/uploads\/2021\/05\/WP_20190228_013-1-940x528.jpg 940w\" sizes=\"auto, (max-width: 1024px) 100vw, 1024px\" \/><\/figure>\n\n\n\n<div class=\"wp-block-group\"><div class=\"wp-block-group__inner-container is-layout-flow wp-block-group-is-layout-flow\">\n<figure class=\"wp-block-gallery has-nested-images columns-default is-cropped wp-block-gallery-1 is-layout-flex wp-block-gallery-is-layout-flex\">\n<figure class=\"wp-block-image size-large\"><img loading=\"lazy\" decoding=\"async\" width=\"731\" height=\"1024\" data-id=\"85\" src=\"https:\/\/www.giantmarine.com\/uploads\/2021\/05\/40000-m3-of-tanks-on-Happy-Deltas-deck-731x1024.jpg\" alt=\"\" class=\"wp-image-85\" srcset=\"https:\/\/www.giantmarine.com\/uploads\/2021\/05\/40000-m3-of-tanks-on-Happy-Deltas-deck-731x1024.jpg 731w, https:\/\/www.giantmarine.com\/uploads\/2021\/05\/40000-m3-of-tanks-on-Happy-Deltas-deck-214x300.jpg 214w, https:\/\/www.giantmarine.com\/uploads\/2021\/05\/40000-m3-of-tanks-on-Happy-Deltas-deck-768x1076.jpg 768w, https:\/\/www.giantmarine.com\/uploads\/2021\/05\/40000-m3-of-tanks-on-Happy-Deltas-deck-1097x1536.jpg 1097w, https:\/\/www.giantmarine.com\/uploads\/2021\/05\/40000-m3-of-tanks-on-Happy-Deltas-deck-1462x2048.jpg 1462w, https:\/\/www.giantmarine.com\/uploads\/2021\/05\/40000-m3-of-tanks-on-Happy-Deltas-deck-scaled.jpg 1828w\" sizes=\"auto, (max-width: 731px) 100vw, 731px\" \/><\/figure>\n\n\n\n<figure class=\"wp-block-image size-large\"><img loading=\"lazy\" decoding=\"async\" width=\"835\" height=\"768\" data-id=\"86\" src=\"https:\/\/www.giantmarine.com\/uploads\/2021\/05\/12015a.jpg\" alt=\"\" class=\"wp-image-86\" srcset=\"https:\/\/www.giantmarine.com\/uploads\/2021\/05\/12015a.jpg 835w, https:\/\/www.giantmarine.com\/uploads\/2021\/05\/12015a-300x276.jpg 300w, https:\/\/www.giantmarine.com\/uploads\/2021\/05\/12015a-768x706.jpg 768w\" sizes=\"auto, (max-width: 835px) 100vw, 835px\" \/><\/figure>\n\n\n\n<figure class=\"wp-block-image size-large\"><img loading=\"lazy\" decoding=\"async\" width=\"1024\" height=\"708\" data-id=\"87\" src=\"https:\/\/www.giantmarine.com\/uploads\/2021\/05\/2013.11.28-Happy-River-V.-130-Cherbourg-123-1024x708.jpg\" alt=\"\" class=\"wp-image-87\" srcset=\"https:\/\/www.giantmarine.com\/uploads\/2021\/05\/2013.11.28-Happy-River-V.-130-Cherbourg-123-1024x708.jpg 1024w, https:\/\/www.giantmarine.com\/uploads\/2021\/05\/2013.11.28-Happy-River-V.-130-Cherbourg-123-300x207.jpg 300w, https:\/\/www.giantmarine.com\/uploads\/2021\/05\/2013.11.28-Happy-River-V.-130-Cherbourg-123-768x531.jpg 768w, https:\/\/www.giantmarine.com\/uploads\/2021\/05\/2013.11.28-Happy-River-V.-130-Cherbourg-123-1536x1062.jpg 1536w, https:\/\/www.giantmarine.com\/uploads\/2021\/05\/2013.11.28-Happy-River-V.-130-Cherbourg-123-2048x1416.jpg 2048w\" sizes=\"auto, (max-width: 1024px) 100vw, 1024px\" \/><\/figure>\n<\/figure>\n<\/div><\/div>\n\n\n\n<figure class=\"wp-block-table is-style-stripes\"><table><thead><tr><th>Nos navires<\/th><th>T\u00e9l\u00e9charger la fiche<\/th><th>Capacit\u00e9 de levage ou surface de pont<\/th><\/tr><\/thead><tbody><tr><td>HAPPY R-Type<\/td><td><a href=\"https:\/\/www.giantmarine.com\/uploads\/2021\/05\/Brochure-Happy-R-type-1-1.pdf\" target=\"_blank\" rel=\"noreferrer noopener\">Datasheet R-Type<\/a><\/td><td>2x400t<\/td><\/tr><tr><td>HAPPY D-Type<\/td><td><a href=\"https:\/\/www.giantmarine.com\/uploads\/2021\/05\/Brochure-Happy-D-type-1.pdf\" target=\"_blank\" rel=\"noreferrer noopener\">Datasheet D-Type<\/a><\/td><td>2x400t<\/td><\/tr><tr><td>P-8 Type<\/td><td><a href=\"https:\/\/www.giantmarine.com\/uploads\/2021\/05\/Datasheet_P8-Type-1.pdf\" target=\"_blank\" rel=\"noreferrer noopener\">Datasheet P-8<\/a><\/td><td>2x400t<\/td><\/tr><tr><td>B-Type<\/td><td><a href=\"https:\/\/www.giantmarine.com\/uploads\/2024\/01\/DP2-B-type-leaflet.pdf\" data-type=\"attachment\" data-id=\"353\" target=\"_blank\" rel=\"noreferrer noopener\">Datasheet B-Type<\/a><\/td><td>2x500t (DP2)<\/td><\/tr><tr><td>P-14 Type<\/td><td><a href=\"https:\/\/www.giantmarine.com\/uploads\/2021\/05\/Datasheet_P14-Type-1.pdf\" target=\"_blank\" rel=\"noreferrer noopener\">Datasheet P-14<\/a><\/td><td>2x700t<\/td><\/tr><tr><td>HAPPY Star<\/td><td><a href=\"https:\/\/www.giantmarine.com\/uploads\/2021\/05\/Brochure-Happy-S-Type_compressed.pdf\" target=\"_blank\" rel=\"noreferrer noopener\">Datasheet Happy Star <\/a><\/td><td>2x1100t<\/td><\/tr><tr><td>HAPPY Sky<\/td><td><a href=\"https:\/\/www.giantmarine.com\/uploads\/2021\/05\/Brochure-Happy-S-Type_compressed.pdf\" target=\"_blank\" rel=\"noreferrer noopener\">Datasheet Happy Sky<\/a><\/td><td>2x900t<\/td><\/tr><tr><td>CY-Class<\/td><td><a href=\"https:\/\/www.giantmarine.com\/uploads\/2021\/05\/datasheet_CY-class_compressed.pdf\" target=\"_blank\" rel=\"noreferrer noopener\">Datasheet CY-Class<\/a><\/td><td>Deck = 125x40m<\/td><\/tr><tr><td>MC-Class<\/td><td><a href=\"https:\/\/www.giantmarine.com\/uploads\/2021\/05\/Brochure-MC-Class-1.pdf\" target=\"_blank\" rel=\"noreferrer noopener\">Datasheet MC-Class<\/a><\/td><td>Deck = 125x42m (DP2)<\/td><\/tr><tr><td>BC-Class<\/td><td>2025 &#8211; 2028<\/td><td>Deck = 140x43m <\/td><\/tr><\/tbody><\/table><\/figure>\n","protected":false},"excerpt":{"rendered":"<p>Avec notre partenaire BigLift Shipping, dont nous sommes l\u2019agent exclusif en France depuis 40 ans, nous proposons \u00e0 nos clients une flotte diversifi\u00e9e de navires gr\u00e9\u00e9s et de deck carriers pour transporter tous types de<span class=\"more-button\"><a href=\"https:\/\/www.giantmarine.com\/index.php\/fr\/heavy-lift-shipping-2\/\" class=\"more-link\">Continue reading<span class=\"screen-reader-text\">Transport de colis lourds<\/span><i class=\"fa fa-angle-right\" aria-hidden=\"true\"><\/i><\/a><\/span><\/p>\n","protected":false},"author":4,"featured_media":0,"parent":0,"menu_order":1,"comment_status":"closed","ping_status":"closed","template":"","meta":{"footnotes":""},"class_list":["post-213","page","type-page","status-publish","hentry"],"_links":{"self":[{"href":"https:\/\/www.giantmarine.com\/index.php\/wp-json\/wp\/v2\/pages\/213","targetHints":{"allow":["GET"]}}],"collection":[{"href":"https:\/\/www.giantmarine.com\/index.php\/wp-json\/wp\/v2\/pages"}],"about":[{"href":"https:\/\/www.giantmarine.com\/index.php\/wp-json\/wp\/v2\/types\/page"}],"author":[{"embeddable":true,"href":"https:\/\/www.giantmarine.com\/index.php\/wp-json\/wp\/v2\/users\/4"}],"replies":[{"embeddable":true,"href":"https:\/\/www.giantmarine.com\/index.php\/wp-json\/wp\/v2\/comments?post=213"}],"version-history":[{"count":1,"href":"https:\/\/www.giantmarine.com\/index.php\/wp-json\/wp\/v2\/pages\/213\/revisions"}],"predecessor-version":[{"id":423,"href":"https:\/\/www.giantmarine.com\/index.php\/wp-json\/wp\/v2\/pages\/213\/revisions\/423"}],"wp:attachment":[{"href":"https:\/\/www.giantmarine.com\/index.php\/wp-json\/wp\/v2\/media?parent=213"}],"curies":[{"name":"wp","href":"https:\/\/api.w.org\/{rel}","templated":true}]}}