{"id":212,"date":"2021-06-25T10:48:28","date_gmt":"2021-06-25T10:48:28","guid":{"rendered":"https:\/\/www.giantmarine.com\/index.php\/sample-page-2\/"},"modified":"2024-01-08T12:16:21","modified_gmt":"2024-01-08T12:16:21","slug":"accueil","status":"publish","type":"page","link":"https:\/\/www.giantmarine.com\/index.php\/fr\/","title":{"rendered":"Accueil"},"content":{"rendered":"\n<h2 class=\"wp-block-heading\">Notre exp\u00e9rience est votre meilleure garantie<\/h2>\n\n\n\n<div class=\"wp-block-group\"><div class=\"wp-block-group__inner-container is-layout-flow wp-block-group-is-layout-flow\">\n<div class=\"wp-block-media-text alignwide is-stacked-on-mobile\"><figure class=\"wp-block-media-text__media\"><img loading=\"lazy\" decoding=\"async\" width=\"1024\" height=\"683\" src=\"https:\/\/www.giantmarine.com\/uploads\/2021\/06\/publicpreview-1024x683.jpg\" alt=\"\" class=\"wp-image-188 size-full\" srcset=\"https:\/\/www.giantmarine.com\/uploads\/2021\/06\/publicpreview-1024x683.jpg 1024w, https:\/\/www.giantmarine.com\/uploads\/2021\/06\/publicpreview-300x200.jpg 300w, https:\/\/www.giantmarine.com\/uploads\/2021\/06\/publicpreview-768x512.jpg 768w, https:\/\/www.giantmarine.com\/uploads\/2021\/06\/publicpreview-1536x1024.jpg 1536w, https:\/\/www.giantmarine.com\/uploads\/2021\/06\/publicpreview-180x120.jpg 180w, https:\/\/www.giantmarine.com\/uploads\/2021\/06\/publicpreview.jpg 1908w\" sizes=\"auto, (max-width: 1024px) 100vw, 1024px\" \/><\/figure><div class=\"wp-block-media-text__content\">\n<p style=\"font-size:17px\"><strong>GIANT MARINE TRANSPORT est une entreprise fran\u00e7aise cr\u00e9\u00e9e au d\u00e9but des ann\u00e9es 80, sp\u00e9cialis\u00e9e dans le transport maritime international et les levages de colis lourds. Gr\u00e2ce \u00e0 une \u00e9quipe qui cumule 40 ans d\u2019exp\u00e9rience et plusieurs contrats d\u2019agence, Giant Marine propose \u00e0 ses clients de nombreux services pour leurs colis lourds.<\/strong><\/p>\n<\/div><\/div>\n\n\n\n<figure class=\"wp-block-image size-large is-style-default\"><img loading=\"lazy\" decoding=\"async\" width=\"1024\" height=\"576\" src=\"https:\/\/www.giantmarine.com\/uploads\/2021\/05\/WP_20190228_013-2.jpg\" alt=\"\" class=\"wp-image-89\" srcset=\"https:\/\/www.giantmarine.com\/uploads\/2021\/05\/WP_20190228_013-2.jpg 1024w, https:\/\/www.giantmarine.com\/uploads\/2021\/05\/WP_20190228_013-2-300x169.jpg 300w, https:\/\/www.giantmarine.com\/uploads\/2021\/05\/WP_20190228_013-2-768x432.jpg 768w, https:\/\/www.giantmarine.com\/uploads\/2021\/05\/WP_20190228_013-2-940x528.jpg 940w\" sizes=\"auto, (max-width: 1024px) 100vw, 1024px\" \/><\/figure>\n<\/div><\/div>\n\n\n\n<div class=\"wp-block-group\"><div class=\"wp-block-group__inner-container is-layout-flow wp-block-group-is-layout-flow\">\n<figure class=\"wp-block-table\"><table><tbody><tr><td><strong>GIANT MARINE<\/strong>\u00a0est votre partenaire pour :<br>\u2013 Le transport de colis lourds (> 250 tonnes) avec une flotte diversifi\u00e9e de navires gr\u00e9\u00e9s et de <em>module carriers<\/em><br>\u2013 Les levages et les services d\u2019installation pour vos travaux fluviaux et maritimes, gr\u00e2ce \u00e0 un large panel de grues flottantes (Sheerlegs) de 160 \u00e0 2200 tonnes, de pontons, navires multi-t\u00e2ches (multicats) et barges semi-submersibles<br>\u2013 \u00a0Les renflouement de navires et la lutte anti-pollution.<\/td><\/tr><tr><td><strong>GIANT MARINE<\/strong>, avec son large \u00e9ventail de services, est pr\u00e9sente pour l\u2019ensemble des industries qui doivent transporter ou installer des colis lourds, \u00e0 l&#8217;instar des \u00e9nergies renouvelables, l\u2019Oil&amp;Gas, le forage, le g\u00e9nie civil, la construction offshore, le secteur portuaire et fluvial, les chantiers navals \u2026<\/td><\/tr><\/tbody><\/table><\/figure>\n<\/div><\/div>\n","protected":false},"excerpt":{"rendered":"<p>Notre exp\u00e9rience est votre meilleure garantie GIANT MARINE TRANSPORT est une entreprise fran\u00e7aise cr\u00e9\u00e9e au d\u00e9but des ann\u00e9es 80, sp\u00e9cialis\u00e9e dans le transport maritime international et les levages de colis lourds. Gr\u00e2ce \u00e0 une \u00e9quipe<span class=\"more-button\"><a href=\"https:\/\/www.giantmarine.com\/index.php\/fr\/\" class=\"more-link\">Continue reading<span class=\"screen-reader-text\">Accueil<\/span><i class=\"fa fa-angle-right\" aria-hidden=\"true\"><\/i><\/a><\/span><\/p>\n","protected":false},"author":4,"featured_media":0,"parent":0,"menu_order":0,"comment_status":"closed","ping_status":"open","template":"","meta":{"footnotes":""},"class_list":["post-212","page","type-page","status-publish","hentry"],"_links":{"self":[{"href":"https:\/\/www.giantmarine.com\/index.php\/wp-json\/wp\/v2\/pages\/212","targetHints":{"allow":["GET"]}}],"collection":[{"href":"https:\/\/www.giantmarine.com\/index.php\/wp-json\/wp\/v2\/pages"}],"about":[{"href":"https:\/\/www.giantmarine.com\/index.php\/wp-json\/wp\/v2\/types\/page"}],"author":[{"embeddable":true,"href":"https:\/\/www.giantmarine.com\/index.php\/wp-json\/wp\/v2\/users\/4"}],"replies":[{"embeddable":true,"href":"https:\/\/www.giantmarine.com\/index.php\/wp-json\/wp\/v2\/comments?post=212"}],"version-history":[{"count":2,"href":"https:\/\/www.giantmarine.com\/index.php\/wp-json\/wp\/v2\/pages\/212\/revisions"}],"predecessor-version":[{"id":351,"href":"https:\/\/www.giantmarine.com\/index.php\/wp-json\/wp\/v2\/pages\/212\/revisions\/351"}],"wp:attachment":[{"href":"https:\/\/www.giantmarine.com\/index.php\/wp-json\/wp\/v2\/media?parent=212"}],"curies":[{"name":"wp","href":"https:\/\/api.w.org\/{rel}","templated":true}]}}